{"id":4150,"date":"2022-05-13T13:16:47","date_gmt":"2022-05-13T13:16:47","guid":{"rendered":"https:\/\/royaloaktennisclub.com\/?page_id=4150"},"modified":"2022-05-13T19:40:17","modified_gmt":"2022-05-13T19:40:17","slug":"singles-ladder","status":"publish","type":"page","link":"https:\/\/royaloaktennisclub.com\/french\/programs-lessons\/singles-ladder\/","title":{"rendered":"Tennis Singles Ladder"},"content":{"rendered":"<p><strong>\u00c9CHELLE DE TENNIS EN SIMPLE<\/strong><\/p>\n\n\n\n<p>Les joueurs (hommes et femmes) qui souhaitent jouer sur l'\u00e9chelle de tennis en simple au ROTC sont pri\u00e9s de s'inscrire au clubhouse ou d'envoyer un courriel \u00e0 l'adresse suivante <a href=\"mailto:jcbarnes@videotron.ca\">jcbarnes@videotron.ca<\/a><\/p>\n\n\n\n<p>-For all levels ( players grouped by approximate level )<\/p>\n\n\n\n<p>-Depending on numbers, players will be grouped into boxes of 3-4 people.&nbsp; They will have 3 weeks to arrange to play a 1-hour singles match with EACH other person in their box.&nbsp; Based on results, players may change level up or down, for the following round.<\/p>\n\n\n\n<p>A great way to practice your tennis and even meet some new playing partners!!&nbsp; Dust off your game and sign up soon \u2013 starting in June!<\/p>\n\n\n\n<p>Demandez \u00e0 Janice (<a href=\"mailto:jcbarnes@videotron.ca\">jcbarnes@videotron.ca<\/a>) pour plus d'informations.\u00a0<\/p>\n\n\n\n<div class=\"wp-block-image\"><figure class=\"aligncenter size-full\"><a href=\"https:\/\/royaloaktennisclub.com\/wp-content\/uploads\/2022\/05\/Untitled-design-38.png\"><img decoding=\"async\" src=\"https:\/\/royaloaktennisclub.com\/wp-content\/uploads\/2022\/05\/Untitled-design-38.png\" alt=\"\" class=\"wp-image-4175\"\/><\/a><\/figure><\/div>\n\n\n\n<p>-Pour tous les niveaux (joueurs regroup\u00e9s par niveau approximatif)<\/p>\n\n\n\n<p>-Selon le nombre, les joueurs seront regroup\u00e9s dans des bo\u00eetes de 3-4 personnes.&nbsp; Ils auront 3 semaines pour s\u2019arranger pour jouer un match simple de 1 heure avec CHAQUE autre personne dans leur bo\u00eete.&nbsp; En fonction des r\u00e9sultats, les joueurs peuvent changer de niveau vers le haut ou vers le bas, pour le tour suivant.<\/p>\n\n\n\n<p>Une excellente fa\u00e7on de pratiquer votre tennis et m\u00eame de rencontrer de nouveaux partenaires de jeu !!&nbsp; D\u00e9poussi\u00e9rez votre jeu et inscrivez-vous bient\u00f4t \u2013 \u00e0 partir de juin !<\/p>\n\n\n\n<p>Demandez \u00e0 Janice (jcbarnes@videotron.ca) pour plus d\u2019informations.&nbsp;<\/p>","protected":false},"excerpt":{"rendered":"<p>TENNIS SINGLES LADDER Players (Men and Women) wishing to play on the tennis singles ladder at ROTC are asked to sign up in the clubhouse or email jcbarnes@videotron.ca -For all levels ( players grouped by approximate level ) -Depending on numbers, players will be grouped into boxes of 3-4 people.&nbsp; They will have 3 weeks [&hellip;]<\/p>\n","protected":false},"author":4183,"featured_media":0,"parent":62,"menu_order":0,"comment_status":"closed","ping_status":"closed","template":"","meta":{"footnotes":""},"class_list":["post-4150","page","type-page","status-publish","hentry"],"_links":{"self":[{"href":"https:\/\/royaloaktennisclub.com\/french\/wp-json\/wp\/v2\/pages\/4150","targetHints":{"allow":["GET"]}}],"collection":[{"href":"https:\/\/royaloaktennisclub.com\/french\/wp-json\/wp\/v2\/pages"}],"about":[{"href":"https:\/\/royaloaktennisclub.com\/french\/wp-json\/wp\/v2\/types\/page"}],"author":[{"embeddable":true,"href":"https:\/\/royaloaktennisclub.com\/french\/wp-json\/wp\/v2\/users\/4183"}],"replies":[{"embeddable":true,"href":"https:\/\/royaloaktennisclub.com\/french\/wp-json\/wp\/v2\/comments?post=4150"}],"version-history":[{"count":5,"href":"https:\/\/royaloaktennisclub.com\/french\/wp-json\/wp\/v2\/pages\/4150\/revisions"}],"predecessor-version":[{"id":4176,"href":"https:\/\/royaloaktennisclub.com\/french\/wp-json\/wp\/v2\/pages\/4150\/revisions\/4176"}],"up":[{"embeddable":true,"href":"https:\/\/royaloaktennisclub.com\/french\/wp-json\/wp\/v2\/pages\/62"}],"wp:attachment":[{"href":"https:\/\/royaloaktennisclub.com\/french\/wp-json\/wp\/v2\/media?parent=4150"}],"curies":[{"name":"wp","href":"https:\/\/api.w.org\/{rel}","templated":true}]}}